se 11) in base 14?
-317a
279 (base 12) to base 10
381
-80353 (base 10) to base 9
-132201
What is -4681 (base 13) in base 7?
-40612
What is 25421 (base 9) in base 16?
42d6
Convert a0d (base 14) to base 4.
132311
What is -100011110111 (base 2) in base 14?
-b9d
Convert 20301 (base 6) to base 9.
3631
82 (base 14) to base 2
1110010
Convert -10220112 (base 4) to base 12.
-ab86
Convert -11102 (base 4) to base 15.
-178
45b (base 15) to base 2
1111011010
What is -1110010111 (base 2) in base 10?
-919
-103404 (base 6) to base 14
-31a4
Convert 1014 (base 8) to base 6.
2232
22755 (base 8) to base 9
14277
What is 4314 (base 5) in base 16?
248
Convert 1221100 (base 3) to base 12.
999
What is 28bc (base 15) in base 12?
5073
What is -49617 (base 10) in base 13?
-19779
Convert 13554 (base 7) to base 12.
2196
What is 3097 (base 10) in base 5?
44342
-12513 (base 6) to base 11
-1493
What is -57461 (base 9) in base 8?
-112617
Convert 5110 (base 12) to base 13.
4008
What is 146 (base 15) in base 14?
16b
-21633 (base 7) to base 13
-2643
124130 (base 6) to base 16
2c16
-21553 (base 9) to base 3
-201121210
Convert 622 (base 7) to base 15.
15a
Convert 55405 (base 6) to base 15.
243e
-26d (base 15) to base 16
-229
31212 (base 5) to base 3
2211012
-7148 (base 12) to base 15
-399b
What is -5304 (base 6) in base 8?
-2250
What is 706 (base 8) in base 5?
3304
Convert -5724 (base 8) to base 13.
-14bc
15211 (base 11) to base 5
1142200
What is 1000111000110 (base 2) in base 14?
1930
310 (base 16) to base 5
11114
What is 1100101101110111 (base 2) in base 3?
2122110011
Convert 210434 (base 5) to base 11.
5289
-163 (base 7) to base 6
-234
What is 18557 (base 12) in base 15?
a717
Convert 1516 (base 9) to base 5.
14044
-757 (base 13) to base 9
-1644
316 (base 9) to base 10
258
Convert 3092 (base 12) to base 10.
5294
-692 (base 13) to base 12
-7a5
360 (base 9) to base 15
14c
What is -11275 (base 9) in base 13?
-3566
What is 2d6c (base 16) in base 11?
8811
What is 3618 (base 11) in base 14?
1a26
What is -11001000 (base 2) in base 11?
-172
What is -196 (base 10) in base 13?
-121
Convert -12334 (base 5) to base 4.
-33021
-212 (base 16) to base 5
-4110
Convert c79 (base 16) to base 15.
e2d
What is 20220 (base 7) in base 6?
34430
Convert 33211 (base 4) to base 7.
2623
What is -101011110010110 (base 2) in base 15?
-699c
What is 4851 (base 9) in base 3?
11221201
What is -5510 (base 7) in base 4?
-132233
What is -3300 (base 7) in base 6?
-5240
Convert -3496 (base 11) to base 6.
-33114
What is -50401 (base 6) in base 16?
-19e1
What is 8902 (base 13) in base 14?
6d63
Convert -855 (base 15) to base 13.
-b18
28154 (base 9) to base 2
100101010001100
Convert -27aa (base 11) to base 9.
-4872
100110120 (base 3) to base 16
1af4
What is -325 (base 11) in base 9?
-473
Convert -40770 (base 9) to base 2.
-110100011111010
1000010111111 (base 2) to base 15
140c
What is -347 (base 11) in base 16?
-19e
Convert -317 (base 11) to base 10.
-381
-82116 (base 9) to base 13
-1b7a1
What is 1001111000111 (base 2) in base 16?
13c7
Convert 101752 (base 8) to base 4.
20033222
What is 33101 (base 6) in base 7?
16222
Convert -2011123 (base 4) to base 11.
-6463
Convert 1342213 (base 5) to base 11.
19990
17ab (base 13) to base 3
11211102
12013 (base 4) to base 8
607
What is 12025 (base 8) in base 7?
20663
-268b (base 14) to base 6
-51231
Convert -654 (base 8) to base 3.
-120212
Convert 76bc (base 13) to base 7.
66150
What is 8103 (base 10) in base 3?
102010010
What is -993 (base 11) in base 13?
-708
What is -1343 (base 8) in base 12?
-517
1b72 (base 12) to base 3
11122212
What is -1776 (base 11) in base 6?
-14245
42877 (base 9) to base 6
335324
Convert 1103132 (base 4) to base 7.
21401
What is 102100002 (base 3) in base 12?
4948
What is -1617 (base 16) in base 2?
-1011000010111
-1022045 (base 6) to base 10
-49709
-2a6 (base 14) to base 15
-25d
Convert 44646 (base 8) to base 7.
105653
What is -3511 (base 6) in base 11?
-69a
What is -13b65 (base 14) in base 10?
-48893
-2320303 (base 4) to base 7
-46324
-2311 (base 9) to base 15
-791
What is 2622 (base 15) in base 4?
1333010
What is 10101000100 (base 2) in base 12?
944
989 (base 12) to base 5
21101
What is -1301 (base 6) in base 14?
-193
Convert -11010001011 (base 2) to base 13.
-9bb
What is e2ac (base 16) in base 10?
58028
-2b7 (base 13) to base 16
-1e8
Convert -1681 (base 15) to base 16.
-12ee
What is 110101001000110 (base 2) in base 12?
138b2
Convert 454 (base 10) to base 7.
1216
-100111 (base 2) to base 7
-54
What is 62b (base 15) in base 3?
1220112
44223 (base 6) to base 11
4678
Convert 21d (base 14) to base 8.
643
Convert -1707 (base 8) to base 5.
-12332
-105542 (base 6) to base 10
-9062
What is 242135 (base 6) in base 10?
21227
b1a5 (base 12) to base 10
19277
What is 242 (base 5) in base 14?
52
2112 (base 13) to base 8
10742
Convert -17a21 (base 13) to base 2.
-1011001001011001
Convert 12121110 (base 3) to base 8.
7771
What is 1213022 (base 4) in base 7?
25151
Convert -403240 (base 6) to base 7.
-161565
a49c (base 13) to base 7
123254
-3377 (base 14) to base 8
-21335
Convert 59b (base 16) to base 9.
1864
What is 274 (base 9) in base 8?
345
Convert 112303 (base 4) to base 10.
1459
What is -1002102221 (base 3) in base 2?
-101001111010111
What is 1898 (base 10) in base 16?
76a
What is -3c7 (base 15) in base 4?
-31132
Convert 3008 (base 11) to base 9.
5435
-2010 (base 4) to base 5
-1012
-5901 (base 10) to base 16
-170d
What is -111232 (base 4) in base 13?
-82c
Convert 2454 (base 7) to base 2.
1110011001
Convert 2323 (base 6) to base 10.
555
Convert -1011110 (base 2) to base 15.
-64
Convert -1a0 (base 13) to base 15.
-14e
What is -d3b (base 15) in base 2?
-101110100101
What is -4551 (base 7) in base 11?
-1273
-10111100000011 (base 2) to base 16
-2f03
What is 378 (base 12) in base 13?
314
1056 (base 14) to base 5
42240
Convert -1b29 (base 14) to base 6.
-34505
-101111232 (base 4) to base 12
-35126
-10212 (base 7) to base 14
-cb2
Convert -100131 (base 4) to base 11.
-878
What is 786 (base 9) in base 13?
3a8
653 (base 11) to base 5
11114
What is 5a8 (base 15) in base 7?
3512
51713 (base 8) to base 3
1002102111
Convert a90 (base 14) to base 7.
6040
What is 4442 (base 6) in base 5?
13114
Convert -606 (base 10) to base 4.
-21132
What is -222201120 (base 3) in base 10?
-19482
What is 101101101 (base 2) in base 10?
365
Convert -17363 (base 8) to base 2.
-1111011110011
12244 (base 8) to base 16
14a4
-3e14 (base 16) to base 14
-5b12
10 (base 11) to base 2
1011
What is -5313 (base 11) in base 14?
-27c4
111332 (base 4) to base 2
10101111110
4335 (base 8) to base 7
6421
What is cad6 (base 14) in base 15?
a5d6
Convert -10332 (base 4) to base 6.
-1250
What is -6c25 (base 13) in base 15?
-47b1
Convert -ddb1 (base 15) to base 13.
-184ba
What is 4208 (base 14) in base 12?
6700
13bb (base 14) to base 8
6651
1140 (base 6) to base 2
100010100
Convert 94 (base 10) to base 4.
1132
Convert 2710 (base 8) to base 12.
a34
-10001000111011 (base 2) to base 3
-110000120
-201 (base 4) to base 13
-27
What is -1106 (base 10) in base 16?
-452
1822 (base 9) to base 13
836
1833 (base 10) to base 3
2111220
Convert -10302300 (base 4) to base 8.
-46260
What is 241 (base 16) in base 3?
210101
What is 10101001001001 (base 2) in base 16?
2a49
What is -1134 (base 6) in base 12?
-1aa
-6327 (base 9) to base 15
-1597
What is -3179 (base 10) in base 9?
-4322
Convert 106 (base 16) to base 10.
262
-4165 (base 9) to base 8
-5760
Convert d6 (base 15) to base 4.
3021
What is -10622 (base 12) in base 2?
-101010001111010
4332 (base 5) to base 12
414
What is -3398 (base 10) in base 15?
-1018
24 (base 8) to base 9
22
6b (base 14) to base 13
74
-11100101101111 (base 2) to base 6
-152023
62b7 (base 15) to base 5
1131442
What is -131033 (base 4) in base 5?
-24441
1251 (base 13) to base 15
b86
What is -11111000 (base 2) in base 15?
-118
-200360 (base 7) to base 3
-1201100222
Convert 1518 (base 16) to base 13.
25c5
What is -26ca (base 15) in base 4?
-2001202
What is 1991 (base 13) in base 11?
2978
What is 588 (base 9) in base 2?
111100101
603 (base 11) to base 2
1011011001
What is 105432 (base 7) in base 16?
4935
Convert 10201111202 (base 3) to base 13.
27473
Convert -10231 (base 4) to base 16.
-12d
What is -6635 (base 7) in base